{"id":49,"date":"2023-11-29T10:38:21","date_gmt":"2023-11-29T09:38:21","guid":{"rendered":"https:\/\/servitronique.fr\/info\/?page_id=49"},"modified":"2023-11-29T10:38:21","modified_gmt":"2023-11-29T09:38:21","slug":"contrat-de-service","status":"publish","type":"page","link":"https:\/\/servitronique.fr\/info\/index.php\/contrat-de-service\/","title":{"rendered":"Contrat de service"},"content":{"rendered":"\n<div class=\"wp-block-group alignfull has-accent-2-background-color has-background has-global-padding is-layout-constrained wp-container-core-group-is-layout-669513ed wp-block-group-is-layout-constrained\" style=\"margin-top:0;margin-bottom:0;padding-top:var(--wp--preset--spacing--50);padding-right:var(--wp--preset--spacing--50);padding-bottom:var(--wp--preset--spacing--50);padding-left:var(--wp--preset--spacing--50)\">\n<div class=\"wp-block-columns alignwide is-layout-flex wp-container-core-columns-is-layout-28f84493 wp-block-columns-is-layout-flex\">\n<div class=\"wp-block-column is-layout-flow wp-block-column-is-layout-flow\">\n<p class=\"has-large-font-size\"><\/p>\n\n\n\n<p class=\"has-large-font-size\">Nous vous proposons plusieurs contrats annuels de maintenance informatique et r\u00e9seaux permettant \u00e0 votre entreprise de maintenir sa s\u00e9curit\u00e9 et son parc informatique dans un \u00e9tat optimal.<\/p>\n\n\n\n<p class=\"has-large-font-size\"><\/p>\n<\/div>\n<\/div>\n\n\n\n<div style=\"height:var(--wp--preset--spacing--40)\" aria-hidden=\"true\" class=\"wp-block-spacer\"><\/div>\n\n\n\n<figure class=\"wp-block-image alignwide size-full is-style-rounded is-style-rounded--1\"><img loading=\"lazy\" decoding=\"async\" width=\"612\" height=\"391\" src=\"https:\/\/servitronique.fr\/info\/wp-content\/uploads\/2023\/11\/formation5-1329195308-612x612-1.jpg\" alt=\"\" class=\"wp-image-61\" srcset=\"https:\/\/servitronique.fr\/info\/wp-content\/uploads\/2023\/11\/formation5-1329195308-612x612-1.jpg 612w, https:\/\/servitronique.fr\/info\/wp-content\/uploads\/2023\/11\/formation5-1329195308-612x612-1-300x192.jpg 300w\" sizes=\"auto, (max-width: 612px) 100vw, 612px\" \/><\/figure>\n<\/div>\n\n\n\n<div class=\"wp-block-group alignfull has-base-background-color has-background has-global-padding is-layout-constrained wp-container-core-group-is-layout-d89aad35 wp-block-group-is-layout-constrained\" style=\"margin-top:0;margin-bottom:0;padding-top:var(--wp--preset--spacing--50);padding-right:var(--wp--preset--spacing--50);padding-bottom:var(--wp--preset--spacing--50);padding-left:var(--wp--preset--spacing--50)\">\n<figure class=\"wp-block-table is-style-stripes has-medium-font-size\" style=\"margin-top:var(--wp--preset--spacing--30);margin-right:var(--wp--preset--spacing--30);margin-bottom:var(--wp--preset--spacing--30);margin-left:var(--wp--preset--spacing--30)\"><table><tbody><tr><td>&nbsp;<\/td><td><strong>CONTRAT BASIC<\/strong><\/td><td><strong>CONTRAT SILVER<\/strong><\/td><td><strong>CONTRAT<br>GOLD<\/strong><\/td><\/tr><tr><td><\/td><td>Un an de tranquillit\u00e9 !<\/td><td>Votre assurance informatique !<\/td><td>LA solution globale de maintenance<\/td><\/tr><tr><td>&nbsp;<\/td><td>&nbsp;<\/td><td>&nbsp;<\/td><td>&nbsp;<\/td><\/tr><tr><td>* Nombre de poste<\/td><td>1<\/td><td>1 \u00e0 5<\/td><td>999<\/td><\/tr><tr><td>&nbsp;<\/td><td>&nbsp;<\/td><td>&nbsp;<\/td><td>&nbsp;<\/td><\/tr><tr><td>* Assistance t\u00e9l\u00e9phonique<\/td><td>X<\/td><td>X<\/td><td>X<\/td><\/tr><tr><td>&nbsp;<\/td><td>&nbsp;<\/td><td>&nbsp;<\/td><td>&nbsp;<\/td><\/tr><tr><td>* Assistance Logicielle<\/td><td>X<\/td><td>X<\/td><td>X<\/td><\/tr><tr><td>&nbsp;<\/td><td>&nbsp;<\/td><td>&nbsp;<\/td><td>&nbsp;<\/td><\/tr><tr><td>* Un forfait d&rsquo;intervention annuelle d&rsquo;une heure sur site sous 24H<\/td><td>3 interventions max.<\/td><td>20 interventions max.<\/td><td>200 interventions max.<\/td><\/tr><tr><td>&nbsp;<\/td><td>&nbsp;<\/td><td>&nbsp;<\/td><td>&nbsp;<\/td><\/tr><tr><td>* Tarification pr\u00e9f\u00e9rentielle sur les consommables (-10%)<\/td><td>&nbsp;<\/td><td>X<\/td><td>X<\/td><\/tr><tr><td>&nbsp;<\/td><td>&nbsp;<\/td><td>&nbsp;<\/td><td>&nbsp;<\/td><\/tr><tr><td>* Le conseil en mati\u00e8re d&rsquo;\u00e9volution de votre mat\u00e9riel et p\u00e9riph\u00e9rique<\/td><td>&nbsp;<\/td><td>X<\/td><td>X<\/td><\/tr><tr><td>&nbsp;<\/td><td>&nbsp;<\/td><td>&nbsp;<\/td><td>&nbsp;<\/td><\/tr><tr><td>* Pr\u00eat d&rsquo;un mat\u00e9riel similaire en cas dur\u00e9e de r\u00e9paration trop longue (pi\u00e8ce en commande)<\/td><td>&nbsp;<\/td><td>X<\/td><td>X<\/td><\/tr><tr><td>&nbsp;<\/td><td>&nbsp;<\/td><td>&nbsp;<\/td><td>&nbsp;<\/td><\/tr><tr><td>* Visite bimestriel de notre technicien afin d&rsquo;assurer l&rsquo;entretien de votre mat\u00e9riel<\/td><td>&nbsp;<\/td><td>&nbsp;<\/td><td>X<\/td><\/tr><tr><td>&nbsp;<\/td><td>&nbsp;<\/td><td>&nbsp;<\/td><td>&nbsp;<\/td><\/tr><tr><td>* Prise en main \u00e0 distance<\/td><td>&nbsp;<\/td><td>&nbsp;<\/td><td>X<\/td><\/tr><tr><td>&nbsp;<\/td><td>&nbsp;<\/td><td>&nbsp;<\/td><td>&nbsp;<\/td><\/tr><tr><td>* Prise en charge des pi\u00e8ces sous et hors garantie de votre parc informatique ainsi que la main d&rsquo;\u0153uvre pour d&rsquo;\u00e9ventuels changements de pi\u00e8ces d\u00e9fectueuses<\/td><td>&nbsp;<\/td><td>&nbsp;<\/td><td>X<\/td><\/tr><\/tbody><\/table><\/figure>\n<\/div>\n\n\n\n<div class=\"wp-block-cover alignfull is-light has-parallax\" style=\"padding-top:var(--wp--preset--spacing--50);padding-right:var(--wp--preset--spacing--50);padding-bottom:var(--wp--preset--spacing--50);padding-left:var(--wp--preset--spacing--50);min-height:100vh;aspect-ratio:unset;\"><span aria-hidden=\"true\" class=\"wp-block-cover__background has-base-background-color has-background-dim-0 has-background-dim\"><\/span><div role=\"img\" class=\"wp-block-cover__image-background has-parallax\" style=\"background-position:50% 50%;background-image:url(https:\/\/servitronique.fr\/info\/wp-content\/themes\/twentytwentyfour\/assets\/images\/art-gallery.webp)\"><\/div><div class=\"wp-block-cover__inner-container has-global-padding is-layout-constrained wp-container-core-cover-is-layout-e4fd886c wp-block-cover-is-layout-constrained\">\n<div style=\"height:500px\" aria-hidden=\"true\" class=\"wp-block-spacer\"><\/div>\n<\/div><\/div>\n\n\n\n<div class=\"wp-block-group alignfull has-base-2-background-color has-background has-global-padding is-layout-constrained wp-container-core-group-is-layout-7cd14b77 wp-block-group-is-layout-constrained\" style=\"margin-top:0;margin-bottom:0;padding-top:var(--wp--preset--spacing--60);padding-right:var(--wp--preset--spacing--60);padding-bottom:var(--wp--preset--spacing--60);padding-left:var(--wp--preset--spacing--60)\">\n<div class=\"wp-block-group alignwide is-layout-flow wp-block-group-is-layout-flow\">\n<div style=\"height:var(--wp--preset--spacing--50)\" aria-hidden=\"true\" class=\"wp-block-spacer\"><\/div>\n\n\n\n<p class=\"has-large-font-size\">Avec tous nos contrats de maintenance, vous pouvez disposer d&rsquo;une assistance informatique et r\u00e9seaux 24h\/24, 7j\/7.<\/p>\n\n\n\n<p class=\"has-large-font-size\">Nos interventions s&rsquo;effectuent dans les 24 heures dans toute la r\u00e9gion, sauf rupture de stock du mat\u00e9riel mis en cause.<\/p>\n\n\n\n<p class=\"has-large-font-size\">L&rsquo;abonnement \u00e0 une maintenance&nbsp;prend en charge tous les frais de main d&rsquo;\u0153uvre qui interviennent pendant une r\u00e9paration.<\/p>\n\n\n\n<p class=\"has-large-font-size\">Les pi\u00e8ces chang\u00e9es restent \u00e0 votre charge suivant le contrat.<\/p>\n\n\n\n<div style=\"height:var(--wp--preset--spacing--50)\" aria-hidden=\"true\" class=\"wp-block-spacer\"><\/div>\n<\/div>\n<\/div>\n\n\n\n<div class=\"wp-block-group alignfull has-base-2-color has-contrast-background-color has-text-color has-background has-link-color wp-elements-2601e2be8d7925b4f8e29629339e6b67 has-global-padding is-layout-constrained wp-container-core-group-is-layout-facafb6f wp-block-group-is-layout-constrained\" style=\"margin-top:0;margin-bottom:0;padding-top:var(--wp--preset--spacing--50);padding-right:var(--wp--preset--spacing--50);padding-bottom:var(--wp--preset--spacing--50);padding-left:var(--wp--preset--spacing--50)\">\n<div class=\"wp-block-columns alignwide is-layout-flex wp-container-core-columns-is-layout-d1c656ed wp-block-columns-is-layout-flex\">\n<div class=\"wp-block-column is-vertically-aligned-stretch is-layout-flow wp-block-column-is-layout-flow\" style=\"padding-right:0;flex-basis:60%\"><\/div>\n<\/div>\n<\/div>\n","protected":false},"excerpt":{"rendered":"<p>Nous vous proposons plusieurs contrats annuels de maintenance informatique et r\u00e9seaux permettant \u00e0 votre entreprise de maintenir sa s\u00e9curit\u00e9 et son parc informatique dans un \u00e9tat optimal. &nbsp; CONTRAT BASIC CONTRAT SILVER CONTRATGOLD Un an de tranquillit\u00e9 ! Votre assurance informatique ! LA solution globale de maintenance &nbsp; &nbsp; &nbsp; &nbsp; * Nombre de poste [&hellip;]<\/p>\n","protected":false},"author":1,"featured_media":0,"parent":0,"menu_order":0,"comment_status":"closed","ping_status":"closed","template":"","meta":{"om_disable_all_campaigns":false,"footnotes":""},"class_list":["post-49","page","type-page","status-publish","hentry"],"aioseo_notices":[],"_links":{"self":[{"href":"https:\/\/servitronique.fr\/info\/index.php\/wp-json\/wp\/v2\/pages\/49","targetHints":{"allow":["GET"]}}],"collection":[{"href":"https:\/\/servitronique.fr\/info\/index.php\/wp-json\/wp\/v2\/pages"}],"about":[{"href":"https:\/\/servitronique.fr\/info\/index.php\/wp-json\/wp\/v2\/types\/page"}],"author":[{"embeddable":true,"href":"https:\/\/servitronique.fr\/info\/index.php\/wp-json\/wp\/v2\/users\/1"}],"replies":[{"embeddable":true,"href":"https:\/\/servitronique.fr\/info\/index.php\/wp-json\/wp\/v2\/comments?post=49"}],"version-history":[{"count":1,"href":"https:\/\/servitronique.fr\/info\/index.php\/wp-json\/wp\/v2\/pages\/49\/revisions"}],"predecessor-version":[{"id":95,"href":"https:\/\/servitronique.fr\/info\/index.php\/wp-json\/wp\/v2\/pages\/49\/revisions\/95"}],"wp:attachment":[{"href":"https:\/\/servitronique.fr\/info\/index.php\/wp-json\/wp\/v2\/media?parent=49"}],"curies":[{"name":"wp","href":"https:\/\/api.w.org\/{rel}","templated":true}]}}