{"id":28,"date":"2023-11-29T09:29:21","date_gmt":"2023-11-29T08:29:21","guid":{"rendered":"https:\/\/servitronique.fr\/info\/?page_id=28"},"modified":"2025-03-04T17:55:29","modified_gmt":"2025-03-04T16:55:29","slug":"depannages-a-domiciles","status":"publish","type":"page","link":"https:\/\/servitronique.fr\/info\/index.php\/depannages-a-domiciles\/","title":{"rendered":"D\u00e9pannage Informatique \u00e0 Domicile"},"content":{"rendered":"\n<div class=\"wp-block-group alignfull has-accent-background-color has-background has-global-padding is-layout-constrained wp-container-core-group-is-layout-669513ed wp-block-group-is-layout-constrained\" style=\"margin-top:0;margin-bottom:0;padding-top:var(--wp--preset--spacing--50);padding-right:var(--wp--preset--spacing--50);padding-bottom:var(--wp--preset--spacing--50);padding-left:var(--wp--preset--spacing--50)\">\n<div class=\"wp-block-columns alignwide is-layout-flex wp-container-core-columns-is-layout-1da03c2a wp-block-columns-is-layout-flex\">\n<div class=\"wp-block-column is-vertically-aligned-stretch is-layout-flow wp-block-column-is-layout-flow\" style=\"flex-basis:50%\">\n<div class=\"wp-block-group is-vertical is-content-justification-stretch is-layout-flex wp-container-core-group-is-layout-444d5ee8 wp-block-group-is-layout-flex\" style=\"min-height:100%\">\n<p><\/p>\n\n\n\n<p class=\"has-medium-font-size\">Le d\u00e9pannage s&rsquo;effectue en atelier ou&nbsp;\u00e0 domicile.<\/p>\n\n\n\n<p class=\"has-medium-font-size\"><br>Cela englobe donc le d\u00e9pannage des ordinateurs (fixes et portables), de la connexion Internet sans oublier les virus (et antivirus), \u2026<br><\/p>\n\n\n\n<div class=\"wp-block-group has-global-padding is-content-justification-left is-layout-constrained wp-container-core-group-is-layout-9fe8ed88 wp-block-group-is-layout-constrained\">\n<p class=\"wp-container-content-0733e5d0\"><\/p>\n<\/div>\n<\/div>\n<\/div>\n\n\n\n<div class=\"wp-block-column is-vertically-aligned-center is-layout-flow wp-block-column-is-layout-flow\" style=\"flex-basis:50%\">\n<figure class=\"wp-block-image aligncenter size-full is-resized is-style-rounded is-style-rounded--1\"><img loading=\"lazy\" decoding=\"async\" width=\"612\" height=\"370\" src=\"https:\/\/servitronique.fr\/info\/wp-content\/uploads\/2023\/11\/815594930-612x612-1.jpg\" alt=\"\" class=\"wp-image-29\" style=\"aspect-ratio:0.75;object-fit:cover;width:209px;height:auto\" srcset=\"https:\/\/servitronique.fr\/info\/wp-content\/uploads\/2023\/11\/815594930-612x612-1.jpg 612w, https:\/\/servitronique.fr\/info\/wp-content\/uploads\/2023\/11\/815594930-612x612-1-300x181.jpg 300w\" sizes=\"auto, (max-width: 612px) 100vw, 612px\" \/><\/figure>\n<\/div>\n<\/div>\n<\/div>\n\n\n\n<div class=\"wp-block-group alignfull has-base-background-color has-background has-global-padding is-layout-constrained wp-container-core-group-is-layout-d89aad35 wp-block-group-is-layout-constrained\" style=\"margin-top:0;margin-bottom:0;padding-top:var(--wp--preset--spacing--50);padding-right:var(--wp--preset--spacing--50);padding-bottom:var(--wp--preset--spacing--50);padding-left:var(--wp--preset--spacing--50)\">\n<div class=\"wp-block-columns alignwide is-layout-flex wp-container-core-columns-is-layout-549b0c86 wp-block-columns-is-layout-flex\">\n<div class=\"wp-block-column is-layout-flow wp-container-core-column-is-layout-119bc444 wp-block-column-is-layout-flow\" style=\"flex-basis:60%\">\n<p class=\"has-medium-font-size\"><strong>En atelier<\/strong><br><br>Nous d\u00e9pannons vos machines en atelier avec un d\u00e9lai moyen de 3 jours ouvr\u00e9s sauf si la r\u00e9paration n\u00e9cessite des pi\u00e8ces non disponibles en stock. Nous avons un tarif urgent pour vous le r\u00e9parer en moins de 24H (ouvr\u00e9s).<\/p>\n<\/div>\n<\/div>\n<\/div>\n\n\n\n<div class=\"wp-block-group alignfull has-accent-5-background-color has-background has-global-padding is-layout-constrained wp-container-core-group-is-layout-d89aad35 wp-block-group-is-layout-constrained\" style=\"margin-top:0;margin-bottom:0;padding-top:var(--wp--preset--spacing--50);padding-right:var(--wp--preset--spacing--50);padding-bottom:var(--wp--preset--spacing--50);padding-left:var(--wp--preset--spacing--50)\">\n<div class=\"wp-block-columns alignwide is-layout-flex wp-container-core-columns-is-layout-1da03c2a wp-block-columns-is-layout-flex\">\n<div class=\"wp-block-column is-vertically-aligned-center is-layout-flow wp-block-column-is-layout-flow\" style=\"flex-basis:60%\">\n<figure class=\"wp-block-image aligncenter size-full is-resized is-style-rounded wp-duotone-duotone-1 is-style-rounded--2\"><img loading=\"lazy\" decoding=\"async\" width=\"612\" height=\"408\" src=\"https:\/\/servitronique.fr\/info\/wp-content\/uploads\/2023\/11\/500773792-612x612-1.jpg\" alt=\"\" class=\"wp-image-30\" style=\"aspect-ratio:1.3333333333333333;object-fit:cover;width:347px;height:auto\" srcset=\"https:\/\/servitronique.fr\/info\/wp-content\/uploads\/2023\/11\/500773792-612x612-1.jpg 612w, https:\/\/servitronique.fr\/info\/wp-content\/uploads\/2023\/11\/500773792-612x612-1-300x200.jpg 300w\" sizes=\"auto, (max-width: 612px) 100vw, 612px\" \/><\/figure>\n<\/div>\n\n\n\n<div class=\"wp-block-column is-layout-flow wp-block-column-is-layout-flow\" style=\"flex-basis:40%\">\n<p class=\"has-medium-font-size\"><strong>A domicile<\/strong><br><br>Apr\u00e8s la prise d&rsquo;un rendez-vous, un technicien passe&nbsp;\u00e0 votre domicile vous&nbsp;d\u00e9panner.<br><br>Notre zone d&rsquo;intervention s&rsquo;\u00e9tend sur la toute la Sa\u00f4ne et Loire 71 (Chalon sur Sa\u00f4ne, Chagny, Montceau les M\u00eenes, Le Creusot, Autun, Verdun, M\u00e2con, D\u00f4le, \u2026) et la C\u00f4te d&rsquo;Or 21 (Beaune, Nuit St Georges, Dijon, \u2026).<\/p>\n<\/div>\n<\/div>\n<\/div>\n\n\n\n<div class=\"wp-block-group alignfull has-global-padding is-layout-constrained wp-container-core-group-is-layout-669513ed wp-block-group-is-layout-constrained\" style=\"margin-top:0;margin-bottom:0;padding-top:var(--wp--preset--spacing--50);padding-right:var(--wp--preset--spacing--50);padding-bottom:var(--wp--preset--spacing--50);padding-left:var(--wp--preset--spacing--50)\">\n<h3>N&rsquo;h\u00e9sitez pas \u00e0 nous contacter pour un d\u00e9pannage \u00e0 domicile.<\/h3>\n<h3>Nous intervenons dans les meilleurs d\u00e9lais afin que vous ne soyez priv\u00e9 trop longtemps de votre machine.<\/h3>\n<\/div>\n\n\n\n<div class=\"wp-block-group alignfull has-global-padding is-layout-constrained wp-container-core-group-is-layout-d89aad35 wp-block-group-is-layout-constrained\" style=\"margin-top:0;margin-bottom:0;padding-top:var(--wp--preset--spacing--50);padding-right:var(--wp--preset--spacing--50);padding-bottom:var(--wp--preset--spacing--50);padding-left:var(--wp--preset--spacing--50)\">\n<div class=\"wp-block-group alignwide has-base-2-background-color has-background is-layout-flow wp-block-group-is-layout-flow\" style=\"border-radius:16px;padding-top:var(--wp--preset--spacing--50);padding-right:var(--wp--preset--spacing--50);padding-bottom:var(--wp--preset--spacing--50);padding-left:var(--wp--preset--spacing--50)\">\n<p class=\"has-text-align-center\">We\u2019ve worked with some of the best companies.<\/p>\n\n\n\n<div style=\"height:var(--wp--preset--spacing--10)\" aria-hidden=\"true\" class=\"wp-block-spacer\"><\/div>\n\n\n\n<div class=\"wp-block-group alignwide is-content-justification-center is-layout-flex wp-container-core-group-is-layout-f95ffa09 wp-block-group-is-layout-flex\" style=\"padding-top:0;padding-right:0;padding-bottom:0;padding-left:0\">\n\n\n\n\n\n\n\n<\/div>\n<\/div>\n<\/div>\n\n\n\n<div class=\"wp-block-group alignfull has-base-color has-contrast-background-color has-text-color has-background has-link-color wp-elements-7dad3580657f5f7e780004a793fb4a1e has-global-padding is-layout-constrained wp-container-core-group-is-layout-d89aad35 wp-block-group-is-layout-constrained\" style=\"margin-top:0;margin-bottom:0;padding-top:var(--wp--preset--spacing--50);padding-right:var(--wp--preset--spacing--50);padding-bottom:var(--wp--preset--spacing--50);padding-left:var(--wp--preset--spacing--50)\">\n<h2 class=\"wp-block-heading alignwide has-base-color has-text-color has-link-color wp-elements-86162bc01bfd24b66ed5ee2570e69664\" style=\"font-size:clamp(4.509rem, 4.509rem + ((1vw - 0.2rem) * 9.152), 10rem);letter-spacing:-0.02em\"><\/h2>\n<\/div>\n\n\n\n<div class=\"wp-block-group alignfull has-global-padding is-layout-constrained wp-container-core-group-is-layout-d89aad35 wp-block-group-is-layout-constrained\" style=\"margin-top:0;margin-bottom:0;padding-top:var(--wp--preset--spacing--50);padding-right:var(--wp--preset--spacing--50);padding-bottom:var(--wp--preset--spacing--50);padding-left:var(--wp--preset--spacing--50)\">\n<div class=\"wp-block-columns alignwide are-vertically-aligned-center is-layout-flex wp-container-core-columns-is-layout-47c06fe3 wp-block-columns-is-layout-flex\"><\/div>\n<\/div>\n","protected":false},"excerpt":{"rendered":"<p>Le d\u00e9pannage s&rsquo;effectue en atelier ou&nbsp;\u00e0 domicile. Cela englobe donc le d\u00e9pannage des ordinateurs (fixes et portables), de la connexion Internet sans oublier les virus (et antivirus), \u2026 En atelier Nous d\u00e9pannons vos machines en atelier avec un d\u00e9lai moyen de 3 jours ouvr\u00e9s sauf si la r\u00e9paration n\u00e9cessite des pi\u00e8ces non disponibles en stock. [&hellip;]<\/p>\n","protected":false},"author":1,"featured_media":0,"parent":0,"menu_order":0,"comment_status":"closed","ping_status":"closed","template":"","meta":{"om_disable_all_campaigns":false,"footnotes":""},"class_list":["post-28","page","type-page","status-publish","hentry"],"aioseo_notices":[],"_links":{"self":[{"href":"https:\/\/servitronique.fr\/info\/index.php\/wp-json\/wp\/v2\/pages\/28","targetHints":{"allow":["GET"]}}],"collection":[{"href":"https:\/\/servitronique.fr\/info\/index.php\/wp-json\/wp\/v2\/pages"}],"about":[{"href":"https:\/\/servitronique.fr\/info\/index.php\/wp-json\/wp\/v2\/types\/page"}],"author":[{"embeddable":true,"href":"https:\/\/servitronique.fr\/info\/index.php\/wp-json\/wp\/v2\/users\/1"}],"replies":[{"embeddable":true,"href":"https:\/\/servitronique.fr\/info\/index.php\/wp-json\/wp\/v2\/comments?post=28"}],"version-history":[{"count":5,"href":"https:\/\/servitronique.fr\/info\/index.php\/wp-json\/wp\/v2\/pages\/28\/revisions"}],"predecessor-version":[{"id":120,"href":"https:\/\/servitronique.fr\/info\/index.php\/wp-json\/wp\/v2\/pages\/28\/revisions\/120"}],"wp:attachment":[{"href":"https:\/\/servitronique.fr\/info\/index.php\/wp-json\/wp\/v2\/media?parent=28"}],"curies":[{"name":"wp","href":"https:\/\/api.w.org\/{rel}","templated":true}]}}